of m and 1?
1
Let i(l) = -l**3 + 16*l**2 - 17*l + 12. Let x be i(15). Let u = x - -22. Calculate the greatest common divisor of 4 and u.
4
Suppose 4*m - 3*m - 20 = 2*o, -5*m - 3*o = -35. What is the highest common factor of 2 and m?
2
Suppose 4*o + 544 = -3*z, -3*o - o + z = 528. Let y = 55 + o. Let d be y/(-5) - (-4)/10. What is the greatest common factor of 4 and d?
4
Let i = 9 + -1. Suppose 4*m - i*m = -32. Let t be (-294)/(-35) - (-2)/(-5). What is the greatest common factor of t and m?
8
Let d(b) = 159*b + 3. Let m be d(4). Let p be (-4 - 474)*1/(-2). Suppose m = 5*n + p. Calculate the greatest common divisor of n and 10.
10
Let t(k) = -k**2 + 7*k + 8. Let x be t(6). What is the greatest common divisor of 126 and x?
14
Let a = 24 - 19. Suppose -5*g = -5*l + 195, -2 - 6 = 2*g. Calculate the highest common divisor of a and l.
5
Let s(t) = t**2 + 5*t + 10. Let u be s(-5). What is the greatest common factor of 2 and u?
2
Let r(p) = 6*p**2 - p + 2. Let b be r(2). Suppose -b = -j + 21. Calculate the highest common factor of 18 and j.
9
Let k be (3/(-6)*3)/(5/(-510)). What is the highest common divisor of 17 and k?
17
Let w be (3/(-6))/(4/(-176)). What is the greatest common factor of 176 and w?
22
Let h(l) = -l**2 + 4. Let b(q) = 0 - 3*q**3 + 2*q**3 + 4 + 5*q**2 - 5*q. Let n be b(4). Let u be h(n). What is the greatest common divisor of u and 32?
4
Let d(z) = 4*z + 4. Suppose 0 = -3*m + 21 + 6. Let g be d(m). Suppose -5*u = x - 0*x - 10, -x = u - 6. What is the highest common divisor of x and g?
5
Let a = -10 - -7. Let x = 5 + a. Suppose 4*s + 6 = 3*g - 44, -4*g + 4*s + 68 = 0. What is the greatest common divisor of g and x?
2
Let u(a) = a**2 + 2*a + 3. Let g be (8/6)/(4/(-12)). Let l be (-1)/((-2)/g + 0). Let b be u(l). What is the greatest common divisor of b and 33?
3
Let f(s) = -s**2 + 13*s - 12. Let x be (-57)/(-6) - 2/4. Let v be f(x). Calculate the highest common factor of 36 and v.
12
Let r(j) = j**2 + 9*j - 40. Let p be r(-13). What is the greatest common factor of 4 and p?
4
Let a = 6 + 2. Calculate the greatest common factor of 72 and a.
8
Suppose -5*q + 356 = -3*r + 75, -4*r - 8 = 0. What is the highest common factor of 5 and q?
5
Suppose 188 - 68 = 4*m + 4*p, m - 22 = 3*p. Calculate the greatest common factor of m and 28.
28
Let v(f) = -f**2 + 5*f. Let z be v(4). Suppose z*c - 42 = c. Let b be (c - 2)/(0 - -1). Calculate the greatest common factor of b and 96.
12
Let w = 2 - 0. Let g(q) = 1 - q**2 + 3*q**w - 7*q + 0*q. Let z be g(5). Calculate the greatest common divisor of z and 64.
16
Suppose 0 = -5*z - 2*z - 49. Let w = z - -14. What is the greatest common factor of w and 35?
7
Let h(a) = 2*a**2 + 3*a + 4. Let l(t) = t**2 + 3*t - 10. Let b be l(-7). Suppose -4*k + 6 = b. Let r be h(k). What is the greatest common factor of r and 52?
13
Let g be 17/4 + 1/(-4). Let l be 20/3 + 6/(-9). Suppose g*m = 2*m - l, 23 = p - 5*m. What is the greatest common divisor of 1 and p?
1
Let m = -30 + 90. Calculate the highest common factor of 12 and m.
12
Let p(b) = b + 1. Let o be p(1). Suppose -u = o*u - 168. Calculate the highest common divisor of u and 7.
7
Suppose -70 + 240 = 5*y. Calculate the greatest common divisor of y and 17.
17
Suppose -105 = -z - 6*z. Let m = -114 + 249. Calculate the highest common divisor of m and z.
15
Let h(v) = -v**2 - 9*v + 3. Let s be h(-5). Let c be -2*-1*s/(-2). Let y = c - -43. What is the greatest common factor of 60 and y?
20
Suppose 7 = 5*u - o, 2*o = -4*u + 4*o + 2. Suppose -u*d = 0, 76 = 5*q - d - 149. Suppose 0*y + 90 = 5*y. Calculate the highest common factor of y and q.
9
Let n = -35 + 90. Let i be (-1)/(-2) - (-12)/8. Let h be ((-11)/i)/((-2)/4). What is the highest common factor of n and h?
11
Let q be ((-4)/6)/(4/(-132)). Calculate the greatest common factor of 88 and q.
22
Suppose -8*x + 12*x = 96. Suppose 3*b + 3 - 6 = 0. Let u = b - -2. What is the greatest common factor of x and u?
3
Let h(o) = o**2 - 15*o + 15. Let k be h(14). Suppose -f - k + 4 = 0. What is the highest common divisor of f and 27?
3
Suppose 0 = -2*a + 4*i + 10, 4*a - 2*i + 10 = -0*i. Let g be (-3)/(a/(5/3)). Calculate the greatest common factor of 2 and g.
1
Let f = 273 - 188. Let d = 11 + -18. Let q = 10 - d. Calculate the highest common divisor of q and f.
17
Let j(m) = -15*m**3 - m - 1. Let q be j(-1). Calculate the greatest common divisor of q and 120.
15
Let m be (-2 - -1)/(1 - 2). Suppose -z = -5*z. Suppose -4*j + 16 = z, 8*s - 13 = 3*s - 2*j. What is the highest common divisor of m and s?
1
Let k be (4/10)/(4/20). Suppose -17 = r - 3*x - x, -2*x + 5 = 3*r. Let j = 3 + r. Calculate the greatest common factor of k and j.
2
Let p(l) = -3 + 7 + 5*l - 4*l. Let b be p(6). Suppose 250 = 6*n - n. What is the greatest common divisor of n and b?
10
Suppose 5*v - r = 773, v - 2*r - 157 = -r. Suppose -4*b + a = -a - v, 2*a = 2. Let s be 158/6 - 2/6. Calculate the highest common factor of b and s.
13
Let s = 8 + -6. Suppose -124 = -s*v + k - 6*k, 5*k = -3*v + 196. Calculate the greatest common divisor of 9 and v.
9
Suppose 2*p = -p + 90. Suppose k = -3*a - 20, p = -2*k - k - 3*a. Let x be (3/15 - 3)*k. Calculate the greatest common factor of 21 and x.
7
Let w = -15 + 26. Let s be (6/9)/(1/3). Suppose m = -2*q + 10 + 17, s*m = -2*q + 60. Calculate the greatest common divisor of m and w.
11
Let g(n) = -97*n - 1. Let v be g(1). Let o = v - -138. Suppose 0*w + o = 4*w. Calculate the highest common factor of w and 5.
5
Let g = -179 + 275. Let t(z) = -z**3 - 10*z**2 - 9*z + 3. Let n be t(-9). Suppose -8*h + 60 = -n*h. Calculate the highest common factor of g and h.
12
Let a be (-7 - -15) + (-2 - 0). Let u be (-2)/3 + (-8)/(-3). Let d = 7 + u. Calculate the greatest common factor of d and a.
3
Let f(v) = -7*v - 5. Let a be f(-3). What is the greatest common factor of 4 and a?
4
Let h(y) = -y + 1. Let m be h(-8). Suppose 3*z + 3*j - 18 = -j, -3*z - j + m = 0. Suppose -z*d + 0 = -20. What is the highest common divisor of d and 100?
10
Let x be (-20)/(-1)*176/20. What is the greatest common divisor of 22 and x?
22
Suppose 4*s - 19 + 7 = 0. Suppose -724 = -s*p + 446. Suppose -w - 386 = -2*h - 3*h, 5*h - 5*w = p. What is the greatest common factor of h and 11?
11
Suppose a + 141 = 4*c, -3*c + 3*a + 145 = 37. Calculate the highest common factor of 175 and c.
35
Let y(k) = 76*k**2 + k + 2. Let d be y(-1). What is the greatest common factor of d and 7?
7
Let o = -64 - -114. Let z be 10/4*(-1 + 3). Suppose o = 5*x + 5*b - 4*b, 0 = -z*x - 2*b + 55. Calculate the greatest common divisor of x and 9.
9
Let d(k) = 2*k**2 - 2. Suppose 2*u = -5*g + 49, -4*g - 2*u - 15 = -55. Let h = -1 + g. Let n be d(h). What is the greatest common factor of 18 and n?
18
Let u be (-45)/6*(-2)/3. Suppose 0*p = -3*g - 5*p + 9, u*g - 3*p - 15 = 0. Let m be 1/g - (-249)/9. What is the highest common factor of 7 and m?
7
Let c(f) = f**2 + 4*f - 1. Let z be c(-5). Let j = 132 - 76. Suppose 5*a = 0, -5*g + 3*a + 64 = -j. What is the highest common divisor of g and z?
4
Suppose 12 = 4*u - 0. Let d be (u + 10/(-4))*6. What is the highest common factor of d and 27?
3
Suppose 5*y - 183 = 137. What is the highest common divisor of 4 and y?
4
Suppose d - 6*d + 391 = 3*z, -3*z = 3*d - 237. Let a be (0 - -11) + (-3 + 3)/1. Calculate the highest common factor of d and a.
11
Let c = -11 - -25. Let l(q) = 29*q - 1. Let n be (-4)/(-3) - (-1)/(-3). Let s be l(n). What is the greatest common factor of s and c?
14
Let j(x) = -15*x**3 + x**2 + x. Let m be j(-1). Let h be (0 + -1)*m/(-5). Calculate the greatest common factor of h and 3.
3
Suppose 0 = -3*w + 6 + 3. Suppose 0 = 2*d - 0*d - 10, 0 = 5*m + w*d - 45. What is the highest common divisor of 24 and m?
6
Let o = -19 - 13. Let v = -23 - o. Calculate the greatest common divisor of 45 and v.
9
Let q = -12 + 5. Let z(j) = -4*j - 9. Let t be z(q). Calculate the greatest common factor of 19 and t.
19
Let i = 6 + 1. Suppose a + 6*w - i = 3*w, a - w - 3 = 0. Let q be 2/a - 14/(-4). What is the greatest common divisor of 4 and q?
4
Let n = 0 - -12. Calculate the highest common factor of n and 60.
12
Suppose -2*q + 31 = 3*q + 3*i, 3*i = -4*q + 26. Suppose -r - 52 = -3*a - 2*r, 8 = a + q*r. Let y be a/8 - 3/12. What is the greatest common facto